5*h - 2. Let j(a) = -2*a - 3. Let v be j(1). Give s(v).
-2
Suppose -4*g + 6 = -3*g + 2*o, -4*o + 20 = 3*g. Suppose -g = 6*c - 2*c. Let n be c - 1 - (2 + -10). Let s(k) = -k**3 + 5*k**2 + 3*k - 7. What is s(n)?
8
Let k(n) = 4*n**2 - 4*n - 1. Suppose -u = -2*u - 7. Let p(t) = -9*t**2 + 8*t + 2. Let c(a) = u*k(a) - 3*p(a). Give c(5).
-4
Let d(z) = 3 - 6*z + 4*z**2 - 2*z**2 - z + 3*z. Give d(2).
3
Let n(g) be the second derivative of 5/6*g**3 - 2*g + 1/20*g**5 + 0*g**2 + 0 - 1/2*g**4. Determine n(5).
0
Suppose 30 = -5*o - 5*c, -5*o + 4*o + 2*c - 3 = 0. Let t(z) = 3*z**2 + z + 7. Let r(u) = -5*u**2 - u - 14. Let y(p) = 4*r(p) + 7*t(p). Determine y(o).
3
Suppose -17 = 3*w - 5, 3*w + 16 = 2*v. Let h(i) be the third derivative of -i**5/60 - i**3/6 - 11*i**2 + 3*i. Calculate h(v).
-5
Let s(a) = -a - 3. Let c(t) = -6*t - 14. Let p = 17 + -6. Let y(o) = p*s(o) - 2*c(o). What is y(4)?
-1
Let h(v) = -1. Let p(m) = -m**2 - 2*m + 6. Let t(y) = 6*h(y) + p(y). Calculate t(-4).
-8
Suppose 4*l + 8 = 24. Let q(z) = -8*z + 11*z + l - 8*z - z**2. Let v(y) = y**3 - 5*y**2 - 6*y - 6. Let i be v(6). Calculate q(i).
-2
Let j(t) = 2*t + 2. Let p(f) = -f**3 + 5*f**2 - 6*f + 2. Let c be p(3). Determine j(c).
6
Let j(z) = 0 + 152*z - 154*z - 14. What is j(-10)?
6
Let g(p) be the second derivative of p**5/20 - p**4/12 + p**3/6 - 3*p**2/2 - 3*p. Let u(q) = -q**2 + q + 2. Let w be u(2). What is g(w)?
-3
Suppose -4 = -5*i - 5*k + 1, 0 = -i + 4*k - 9. Let m(y) = -5*y**3 - 2*y - 1. Calculate m(i).
6
Let a = 1 + -1. Suppose r + 0 - 3 = a. Suppose d = -4*p - r, 3*d - 4 - 3 = 4*p. Let k(m) = 8*m - 1. Determine k(d).
7
Suppose -8 = o + 3*o. Let u be o/(-8) + 22/8. Let g(d) = 5*d**2 - d**2 + 3 + 8*d - d**u + 2*d**3 - 7*d. Calculate g(-3).
9
Let y(o) = 9*o - 1 + 1 - 1 + 2. Calculate y(-2).
-17
Let o(q) be the first derivative of q**5/60 - q**3/3 + q**2 - 1. Let f(w) be the second derivative of o(w). Let u be (-1 + 2)*(-4 + 1). Calculate f(u).
7
Let h(v) = 3*v**3 + v. Let p be h(1). Let z(d) = d**2 + 4*d - 5. Let y be z(-5). Let c(f) = -2*f**2 + f**3 - 2*f**2 + y*f**3. Give c(p).
0
Let l = -10 - -5. Let d(w) = -w**3 + w**2 - 6*w + 3. Let k(t) = t**3 - 2*t**2 + 6*t - 3. Let j(u) = l*k(u) - 4*d(u). Give j(4).
11
Let x be (-2)/(-3) + (-2)/(-6). Let k(f) = -2*f**2 + 2 - 3 - 1 + f**3 + 2*f + x. Give k(2).
3
Suppose 5*q - 8 = -4*z + 14, 0 = 5*z - 15. Let s(n) = 8*n**q + 0*n**2 + n**3 - 5*n**2 + 5 - 2*n. Determine s(-4).
-3
Let o(y) be the second derivative of -1/2*y**3 - 1/10*y**5 + 1/120*y**6 + 1/2*y**2 + 0 - 2*y + 0*y**4. Let i(g) be the first derivative of o(g). Give i(6).
-3
Let q(z) be the first derivative of z**6/120 + z**4/24 - 2*z**3/3 - 2*z**2 + 6. Let c(h) be the second derivative of q(h). Give c(0).
-4
Let j(h) be the third derivative of 0 + 1/24*h**4 + 1/2*h**3 + 0*h - 1/60*h**5 + 3*h**2. Suppose -3*y + 2 = -7. Give j(y).
-3
Let y(b) be the third derivative of -b**6/120 + b**5/20 + b**4/6 + b**3/3 + 36*b**2. Calculate y(-2).
14
Let t(o) = -4 + o**3 + 3*o**2 - 389*o + 3 + 386*o. Determine t(-4).
-5
Let a(i) = 6*i**3 + 11*i**2 + 2. Let r(o) = 5*o**3 + 10*o**2 + o + 1. Let t(x) = 6*a(x) - 7*r(x). Calculate t(5).
-5
Suppose -5*v + 17 = -v - h, 5*h + 9 = v. Let s(f) be the third derivative of 0 + 1/15*f**5 + 0*f - 2*f**2 - 2/3*f**3 - 1/120*f**6 + 1/12*f**4. What is s(v)?
4
Let k(n) = n**3 + 6*n**2 + n. Let w be k(-6). Let d(s) = -2*s - 7. Let y be d(w). Let a(p) be the third derivative of p**4/8 - 7*p**3/6 - p**2. Determine a(y).
8
Let h(f) = f**2 - 3*f. Suppose -2*p - 5*l - 5 = -20, 4*p = -5*l + 25. Calculate h(p).
10
Let b(x) = 5*x - 4*x + 11*x. What is b(1)?
12
Let a be (-2)/5*(-5)/1. Suppose 5*d + 7*w - a*w = -20, -3*w - 18 = -3*d. Let i(t) = t + 5*t - 3*t - d - 2*t**2 - 1. Calculate i(2).
-4
Let j(z) = -4 - 3 + 4*z + 8. Determine j(-2).
-7
Suppose -4*w - 13 = -1. Let s(y) = -4*y - 4. Let d(u) = u + 1. Let m(a) = 5*d(a) + s(a). Calculate m(w).
-2
Let f(y) be the second derivative of -y**4/12 + 7*y**3/6 - 5*y**2/2 + 2*y. Determine f(6).
1
Let b be -1*(-1)/(-1)*-10. Let n = -5 + b. Let g(l) = -3*l**3 - 3 - 4*l**2 - 2*l + 4*l**3 - 2*l. Determine g(n).
2
Let n(t) = 18*t - t**2 - 25*t + 13*t. Determine n(6).
0
Suppose j - 2 = 2*x, 3*x + 4*j = 3*j - 13. Let u(z) = z**3 + 2*z**2 + z. Determine u(x).
-12
Suppose d = 5 - 1. Let l be (0 - (-2 - -20))/(-1). Suppose d*q - 6 = -l. Let y(j) = 3*j + 2. Calculate y(q).
-7
Let q be 10/25 + 23/5. Let s(a) = -a + 10. Give s(q).
5
Let l(c) = -24*c + 3. Let o(a) = 8*a - 1. Let z(n) = -6*l(n) - 17*o(n). Let i(v) = -v**2 + 8*v + 8. Suppose -46 = -3*h - 19. Let s be i(h). Calculate z(s).
-9
Let i(v) = 6*v**2 - 4*v + 6. Let z(r) = -r**2 + r - 1. Let u(j) = 2*i(j) + 11*z(j). Determine u(-2).
-1
Let n(d) = -2 + 3*d**2 - 4*d**2 - 3*d - 2*d**3 - 2*d**2. Suppose -3*b - 10 = -4*b. Let v = -12 + b. Give n(v).
8
Let k(w) be the third derivative of w**6/120 + w**5/15 - w**3/2 - w**2 - 5. What is k(-3)?
6
Suppose 2*m - 1 - 3 = 0. Let n be m + -1 - (2 + -1). Let t(w) = -w - 9. Give t(n).
-9
Let a(r) = -7*r + 9. Let w(t) = 11*t - 14. Let o(q) = 8*a(q) + 5*w(q). Suppose 0 = 2*u + 4 + 2. What is o(u)?
5
Let n(f) = 4*f**3 + 16*f**2 + 4*f + 14. Let p(b) = 7*b**3 + 30*b**2 + 7*b + 27. Let u(c) = -5*n(c) + 3*p(c). Determine u(-10).
1
Let g be (-6)/2*(-8)/(-6). Let p(o) = o. Let a(r) = -2*r + 4. Let t(u) = u**3 - 4*u**2 + 2*u. Let d be t(2). Let v(z) = d*p(z) - a(z). Calculate v(g).
4
Let o(p) = p**3 + 6*p**2 + 3*p - 2. Let a(u) = u**3 - 12*u**2 + 32*u - 5. Let k be a(8). Give o(k).
8
Let k(s) = s - 2. Suppose 5*u + 20 - 5 = 5*w, u = 5*w - 31. Suppose -w = 2*p + 1. Let b = -1 - p. Calculate k(b).
1
Suppose 0 = -0*j - 3*j. Let h(n) = -n**2 + 4*n - 8. Let r(s) = -s + 6. Let u(p) = -1. Let x(c) = -r(c) - 6*u(c). Let k(f) = -h(f) + 5*x(f). Determine k(j).
8
Let j(a) = -2*a**2 - 2*a. Let l(t) = -5*t**2 - 5*t + 1. Suppose -4*r + 1 = 3*g, 2*g - r + 0*r - 8 = 0. Let b(y) = g*l(y) - 8*j(y). Determine b(0).
3
Let n be ((-16)/28)/((-2)/7). Let w(h) = 0*h + n + 2*h + 0*h. Determine w(-3).
-4
Let b(f) be the first derivative of -f**3/3 - 7*f**2/2 + 3*f - 37. Let z = -13 - -7. Calculate b(z).
9
Let j(h) = -h**3 + 5*h**2 - 2*h - 2. Let t be (-1)/((-3)/9) - -1. Let c = 1 + -1. Suppose -z - 2*r = -t*r - 1, -z + r + 2 = c. Calculate j(z).
10
Suppose 4*q = -3*r - 3, -3*q - 5 - 16 = -4*r. Let j(x) be the second derivative of -1/6*x**r + 0 - x - 4*x**2. What is j(-6)?
-2
Let h(b) = b + 21. Let g be h(-16). Let r(s) = -s**2 + 7*s - 4. Give r(g).
6
Let u(r) = r**3 - r**2 + 1. Suppose -5*o = -0*o. Suppose m = 3*g - 10, -m + 2*g - 6 = -o*g. Give u(m).
5
Let o(j) = j - 1. Let k be -1 + 2/1 + 9. Let n(i) = -i**3 - 7*i**2 + i + 2. Let d be n(-7). Let g = d + k. Calculate o(g).
4
Let h(b) = -b**3 - 5*b**2 + 5*b + 1. Suppose 3*z = -a + 4*a + 12, 0 = -z - 2*a + 7. Let f be 28 + z/(5/(-3)). Suppose f = -5*c - 5. Calculate h(c).
7
Suppose 2*r = 6*t - 4*t - 12, 2*r = t - 8. Let q be (2/2)/(-1 - 0). Let l(g) = -8*g - 7. Let d(f) = f + 1. Let c(h) = q*l(h) - 6*d(h). Give c(r).
-3
Let w(i) be the first derivative of i**3/3 + 11*i**2/2 + 3*i + 11. What is w(-6)?
-27
Suppose 4*a - 9 = -25. Let g(v) = -v**3 - 6*v**2 - 6*v - 5. Calculate g(a).
-13
Suppose -8 = -5*m + 2. Let c(w) = 2*w + 0*w**2 - 5 + 2*w - 10*w - w**m. Calculate c(-6).
-5
Let a = 24 - 28. Let p(n) = -n - 6. Calculate p(a).
-2
Let i(q) = 2*q + 177 - 177. Determine i(5).
10
Let l(h) = -4*h - 6. Let q(w) = w**3 + 2*w**2 - 6*w - 2. Let m be q(-4). Let d = m - -6. Determine l(d).
10
Let g(b) = b**3 + 0 - 2 + 0. Let w = 0 + 5. Let l(k) = -k + 5. Let i be l(w). Give g(i).
-2
Let j(d) = -d**2 + 6*d + 6. Let x(u) = u**2 - 7*u - 7. Let m(p) = -7*j(p) - 6*x(p). Calculate m(-2).
4
Let u(a) = -3 - 2*a + 1 + a. Let p = 7 + -3. Suppose -w - 2 + p = 0. What is u(w)?
-4
Let q be (-3 - -8 - 3) + -2. Let b(p) = p**3 - p - p - 4 + 4*p - 5*p**2 + q. What is b(5)?
6
Let q(n) = 2*n**3 + 19*n**2 + 2*n - 3. Let i(z) = -z**3 - 10*z**2 - z + 1. Let c(k) = -7*i(k) - 4*q(k). Give c(-6).
11
Let l(c) = -2 + 4*c**3 - 5*c + 4*c**2 - 3*c**3 + 0*c**3. Let y = -8 - -3. Give l(y).
-2
Let j(s) = -s**3 + 8*s**2 - 7*s. Suppose 0*l - 28 = -4*l. Determine j(l).
0
Let r(t) = 10*t**2. Let w be ((-8)/(-12))/(6/(-63)). Let s(z) = -3*z - 32. Let u(y) = -2*y - 21. Let g(d) = -5*s(d) + 8*u(d